ded by 423.
420
What is the remainder when 9790 is divided by 34?
32
What is the remainder when 4193 is divided by 156?
137
What is the remainder when 7077 is divided by 1179?
3
What is the remainder when 131124 is divided by 74?
70
What is the remainder when 8456 is divided by 13?
6
What is the remainder when 1387 is divided by 1204?
183
What is the remainder when 7473 is divided by 3415?
643
What is the remainder when 3943 is divided by 954?
127
What is the remainder when 1134 is divided by 188?
6
Calculate the remainder when 912 is divided by 810.
102
What is the remainder when 22784 is divided by 7594?
2
What is the remainder when 43541 is divided by 12?
5
Calculate the remainder when 8002 is divided by 1936.
258
Calculate the remainder when 15245 is divided by 66.
65
What is the remainder when 24078 is divided by 593?
358
Calculate the remainder when 786309 is divided by 10.
9
What is the remainder when 4220 is divided by 1404?
8
Calculate the remainder when 12062 is divided by 1337.
29
Calculate the remainder when 83055 is divided by 924.
819
What is the remainder when 3664 is divided by 13?
11
Calculate the remainder when 32602 is divided by 216.
202
What is the remainder when 495 is divided by 488?
7
What is the remainder when 1651 is divided by 168?
139
What is the remainder when 15360 is divided by 3629?
844
Calculate the remainder when 31986 is divided by 14.
10
What is the remainder when 16778 is divided by 873?
191
What is the remainder when 716499 is divided by 20?
19
What is the remainder when 483394 is divided by 47?
46
What is the remainder when 11509 is divided by 318?
61
Calculate the remainder when 5980854 is divided by 56.
54
What is the remainder when 11142 is divided by 3?
0
What is the remainder when 3210 is divided by 722?
322
Calculate the remainder when 32024 is divided by 31915.
109
Calculate the remainder when 288 is divided by 46.
12
What is the remainder when 232811 is divided by 187?
183
Calculate the remainder when 601898 is divided by 19.
16
Calculate the remainder when 59231 is divided by 24.
23
Calculate the remainder when 2296 is divided by 110.
96
Calculate the remainder when 24218 is divided by 12102.
14
What is the remainder when 1050 is divided by 215?
190
Calculate the remainder when 45520 is divided by 192.
16
What is the remainder when 4166 is divided by 462?
8
Calculate the remainder when 2765 is divided by 140.
105
Calculate the remainder when 2442 is divided by 1388.
1054
Calculate the remainder when 209713 is divided by 74.
71
Calculate the remainder when 2715 is divided by 672.
27
Calculate the remainder when 4589 is divided by 674.
545
Calculate the remainder when 943 is divided by 311.
10
What is the remainder when 146745 is divided by 24?
9
Calculate the remainder when 139007 is divided by 49.
43
What is the remainder when 3063 is divided by 532?
403
What is the remainder when 1352 is divided by 449?
5
What is the remainder when 9075890 is divided by 322?
320
Calculate the remainder when 2637 is divided by 133.
110
Calculate the remainder when 500640 is divided by 1258.
1214
What is the remainder when 110830 is divided by 46?
16
What is the remainder when 5991 is divided by 19?
6
Calculate the remainder when 2066 is divided by 994.
78
What is the remainder when 1012 is divided by 482?
48
What is the remainder when 5690 is divided by 5681?
9
Calculate the remainder when 41941 is divided by 313.
312
What is the remainder when 580312 is divided by 123?
121
What is the remainder when 4838 is divided by 126?
50
What is the remainder when 2642 is divided by 62?
38
What is the remainder when 43 is divided by 9?
7
What is the remainder when 4788 is divided by 348?
264
Calculate the remainder when 22331 is divided by 7436.
23
Calculate the remainder when 854158 is divided by 16.
14
Calculate the remainder when 478516 is divided by 49.
31
What is the remainder when 3241 is divided by 3228?
13
What is the remainder when 832 is divided by 195?
52
What is the remainder when 10503 is divided by 17?
14
What is the remainder when 16496 is divided by 1104?
1040
Calculate the remainder when 21082 is divided by 71.
66
What is the remainder when 6539 is divided by 1228?
399
Calculate the remainder when 26779 is divided by 12.
7
What is the remainder when 2579829 is divided by 22?
21
Calculate the remainder when 138883 is divided by 1111.
8
What is the remainder when 9356 is divided by 3112?
20
What is the remainder when 6875 is divided by 1713?
23
What is the remainder when 191287 is divided by 351?
343
What is the remainder when 10502 is divided by 116?
62
Calculate the remainder when 23851 is divided by 99.
91
Calculate the remainder when 10964 is divided by 3651.
11
What is the remainder when 1391 is divided by 409?
164
Calculate the remainder when 357885 is divided by 71.
45
Calculate the remainder when 18268 is divided by 18264.
4
What is the remainder when 7258 is divided by 3624?
10
Calculate the remainder when 886449 is divided by 20.
9
Calculate the remainder when 425632 is divided by 85121.
27
What is the remainder when 2398 is divided by 76?
42
What is the remainder when 1175556 is divided by 195926?
0
What is the remainder when 12499 is divided by 98?
53
Calculate the remainder when 145984 is divided by 237.
229
What is the remainder when 10573 is divided by 2111?
18
Calculate the remainder when 61502 is divided by 48.
14
Calculate the remainder when 25806 is divided by 80.
46
Calculate the remainder when 2460 is divided by 490.
10
What is the remainder when 98118 is divided by 49056?
6
Calculate the remainder when 59565 is divided by 68.
65
What is the remainder when 45546 is divided by 340?
326
Calculate the remainder when 7014 is divided by 1165.
24
Calculate the remainder when 752 is divided by 347.
58
Calculate the remainder when 98074 is divided by 101.
3
What is the remainder when 9873 is divided by 12?
9
What is the remainder when 29638 is divided by 205?
118
What is the remainder when 3170 is divided by 43?
31
What is the remainder when 946255 is divided by 13?
11
What is the remainder when 28403 is divided by 227?
28
Calculate the remainder when 5208 is divided by 426.
96
Calculate the remainder when 51676 is divided by 85.
81
What is the remainder when 1487 is divided by 73?
27
What is the remainder when 22986 is divided by 28?
26
Calculate the remainder when 113738 is divided by 220.
218
What is the remainder when 25137 is divided by 10?
7
Calculate the remainder when 11410 is divided by 848.
386
What is the remainder when 5798 is divided by 2868?
62
Calculate the remainder when 1577277 is divided by 24.
21
What is the remainder when 2595516 is divided by 32?
28
What is the remainder when 126558 is divided by 28?
26
Calculate the remainder when 137 is divided by 111.
26
What is the remainder when 116380 is divided by 16?
12
What is the remainder when 1462 is divided by 255?
187
Calculate the remainder when 10664 is divided by 3441.
341
What is the remainder when 787 is divided by 618?
169
What is the remainder when 897 is divided by 834?
63
Calculate the remainder when 7403399 is divided by 101.
99
Calculate the remainder when 110778 is divided by 18463.
0
What is the remainder when 373866 is divided by 95?
41
What is the remainder when 1417646 is divided by 19?
18
What is the remainder when 15347117 is divided by 82?
79
Calculate the remainder when 510087 is divided by 44.
39
Calculate the remainder when 4226 is divided by 2051.
124
What is the remainder when 1296 is divided by 456?
384
Calculate the remainder when 73793 is divided by 2539.
162
Calculate the remainder when 90619 is divided by 1643.
254
Calculate the remainder when 30248 is divided by 15118.
12
Calculate the remainder when 777 is divided by 218.
123
Calculate the remainder when 36054 is divided by 21.
18
Calculate the remainder when 8107 is divided by 7847.
260
What is the remainder when 3224206 is divided by 16?
14
Calculate the remainder when 305770 is divided by 83.
81
What is the remainder when 1548758 is divided by 41?
24
What is the remainder when 55224 is divided by 11038?
34
Calculate the remainder when 375750 is divided by 104.
102
What is the remainder when 2472178 is divided by 2455?
2448
Calculate the rem